 0. What is the highest common divisor of n and j?
20
Suppose 0 = -12*x + 9*x + 252. Let v be (6/(-4) - 0)/((-2)/x). Let l(u) = -4*u**3 - 3*u**2 + 1. Let t be l(-2). What is the greatest common divisor of v and t?
21
Suppose -217*k = -218*k + 78. Calculate the greatest common factor of 26 and k.
26
Suppose -4*q = -5*u + 7565, -3*q + 25 = 2*q. Calculate the greatest common divisor of u and 37.
37
Let j(i) = 571*i + 9. Let y be j(1). Calculate the highest common factor of 20 and y.
20
Let q be 8/88 + (-3)/33. Suppose -2*d = -q*d - 162. Suppose -x - 4*x + 135 = 0. Calculate the highest common factor of d and x.
27
Let h(i) = -6*i + 108. Let f be h(16). Suppose 20 - 148 = 4*y. Let z = 76 - y. What is the highest common divisor of z and f?
12
Let l = -4 + 6. Suppose 0*j = l*j - 6. Suppose 2*z = 0, -2*h - z + 350 = j*h. Calculate the highest common divisor of h and 14.
14
Let z be 8 + 1 + (-9)/(-3). Let t = z - 8. Suppose t*q - 557 = -5*n, 5*q = n + 66 + 594. Calculate the greatest common divisor of q and 19.
19
Let z be (-2 - -5)*(-4)/(-6). Let x(t) = 21*t**3 + 2*t**2 - 1. Let k be x(z). Suppose 0*y + y = 25. What is the greatest common factor of y and k?
25
Let n be (-6)/5*9*(-135)/18. Let v be ((-6)/(-4))/(5/90). What is the greatest common factor of v and n?
27
Let m(z) = z**2 - 9*z + 62. Let r be m(4). Calculate the highest common divisor of r and 28.
14
Let i(k) = k**2 + 6*k - 5. Let z be i(-5). Let y be 5/(z/(-4)) + -3. Let t be -1 + (y + -1 - -179). What is the greatest common divisor of 16 and t?
16
Let d be 256/10 - (-2)/5. Let n = -34 + d. Let v be ((-32)/n)/((-3)/(-60)). Calculate the greatest common divisor of 32 and v.
16
Let h be (88/(-6))/((-18)/27). What is the greatest common factor of h and 583?
11
Let v(a) = a**3 + 5*a**2 + 2*a + 2. Let g = -5 - -1. Let w be v(g). Suppose 3544 = -5*i + 3994. Calculate the greatest common divisor of i and w.
10
Suppose 15*r - 20*r = 5*z - 1190, -5*r + 2*z + 1204 = 0. What is the greatest common factor of r and 48?
48
Let s = 101 + -66. Let j(v) = 4*v - 3. Let t be j(6). Suppose 0*p + t = 3*d - p, 5*d + p = s. Calculate the greatest common factor of d and 77.
7
Let d be (-1)/(-8) - 99/24. Let l be (d/12)/((1/42)/(-1)). What is the highest common factor of l and 112?
14
Suppose 1180 = 5*b + 5*k, 367 = 3*b - 4*k - 355. What is the highest common factor of 14 and b?
14
Let g be (280/50)/(2/10). Suppose 4*x - g = -0*q - 2*q, -62 = -3*q + 4*x. What is the highest common divisor of q and 144?
18
Let o be -55*-4*(-12)/(-40). Suppose 0 = 2*c - 48 - 40. What is the greatest common divisor of c and o?
22
Let c = -20 - -29. Let x(v) = -v**2 + 19*v - 7. Let p be x(14). What is the highest common factor of p and c?
9
Suppose 11 = 5*r + 3*q, -2*r + 4*q = r + 5. Suppose 3*s - 4 + r = 0. Let y(k) = -k**2 + 9*k - 7. Let i be y(6). What is the greatest common divisor of s and i?
1
Let h(u) = -u**2 + 15*u + 4. Let a be h(11). What is the highest common divisor of 32 and a?
16
Suppose 2*a + 5*s = 1144, 4*a = 4*s + 2958 - 698. Suppose 1524 - a = 11*f. What is the greatest common factor of f and 29?
29
Let l = -3744 - -3764. Suppose 35 = -3*h + 110. What is the greatest common divisor of l and h?
5
Let x be (-10)/4*(-32)/20. Suppose 0 = -4*y + 7 + 9. Suppose y*r + 5*f = f + 80, 0 = -f. What is the highest common factor of x and r?
4
Suppose -587 - 61 = -9*m. Let s = m - -24. What is the greatest common factor of s and 24?
24
Let t be -4*1/6*10455/(-10). Calculate the highest common divisor of 41 and t.
41
Suppose 5*p - 37 = y, 0*y + 3*y = -4*p + 22. Suppose p*o - 8*o + 18 = 0. Suppose 648 = k + 3*k. Calculate the greatest common factor of o and k.
18
Let z(u) = -u**3 - 9*u**2 - 11*u + 6. Let l be z(-8). What is the greatest common divisor of 210 and l?
30
Let b = -14 + 20. Suppose -248 = -b*v + 610. What is the highest common divisor of 11 and v?
11
Let h be 10*1*(-1)/2. Let z = h + 5. Suppose z = -2*d + 46 + 2. Calculate the greatest common factor of 12 and d.
12
Suppose 0 = -6*p + 7*p + 3*k - 102, -3*p - k + 346 = 0. Let t be 1/((1 + -3)/(-26)). Calculate the highest common factor of t and p.
13
Let m = 180 + -56. Let u = 192 - m. Calculate the greatest common divisor of 102 and u.
34
Let u(v) = v - 5. Let t be u(7). Suppose -5 + t = 3*w. Let i be (-5 - -8) + (-5)/w. Calculate the highest common factor of i and 56.
8
Suppose -3*u - 51 = -636. Calculate the highest common divisor of u and 39.
39
Let y = -89 + 564. Calculate the greatest common divisor of 19 and y.
19
Let i be 9/3 - (-1 + 4). Suppose 4*o + 2*p - 48 = 0, -3*o + p + 22 + 19 = i. What is the greatest common divisor of 13 and o?
13
Let g be -93*2/(-30) - (-76)/95. Let i be (1 - 0)*(21 + -7). What is the greatest common divisor of i and g?
7
Suppose -23*d + 3203 = -3513. Calculate the greatest common divisor of d and 12.
4
Suppose 0 = j - 5*o - 58, 12*o - 52 = -j + 14*o. What is the highest common divisor of j and 56?
8
Suppose -2*h = -4*z - 208, 0*z - 8 = 2*z. Suppose 0 = -9*y + h + 102. Calculate the greatest common divisor of 44 and y.
22
Suppose 0 = -32*v + 31*v + 3. Suppose -47 = -v*o + 43. Suppose -s - 2*s + o = 0. Calculate the greatest common factor of s and 50.
10
Let g = 41 + -18. Let i(j) be the first derivative of j**3/3 - 2*j**2 - 14*j - 14. Let w be i(10). Calculate the greatest common factor of g and w.
23
Suppose -3*n - 26 = -2*y - 2*y, 4*n = -2*y + 24. Let s(j) = 2*j**2 - j + 3. Let i = -5 + 2. Let c be s(i). Calculate the highest common divisor of c and y.
8
Let t = 20 + -13. Let c be (-849)/(-11) + 10/(-55). What is the highest common divisor of c and t?
7
Let n = 2263 + -2067. What is the greatest common factor of n and 8?
4
Suppose -16*b = -3*b - 156. Calculate the highest common divisor of b and 32.
4
Let n = 251 + -238. Calculate the highest common divisor of n and 13.
13
Suppose 2 = -3*k + 4*k. Suppose -k*m = -4*m + 16. Let j(c) = -c**2 + 10*c - 5. Let u be j(m). Calculate the highest common divisor of 11 and u.
11
Suppose 83*k = 88*k - 40. What is the greatest common divisor of k and 136?
8
Suppose 4*z - 24 = -d, -6*d + 2*z + 96 = -2*d. Suppose -1 = 3*h + 26. Let r = h - -12. What is the greatest common divisor of r and d?
3
Suppose 2*g - 60 = -20. Let s = -69 - -78. Let d be 12/10*(240/s)/4. What is the greatest common divisor of g and d?
4
Let u be 2/(-2)*1 - 53. Let y = 66 + u. What is the greatest common factor of 12 and y?
12
Suppose -y - 6 = -3*g + 11, 21 = -y + g. Let x = y - -21. Let p be (x - -5) + (7 - 5). Calculate the highest common factor of 15 and p.
5
Suppose -2*t + s = -91, 7 = -5*s - 8. Calculate the highest common factor of 396 and t.
44
Let n = 913 + -836. Calculate the highest common factor of 1771 and n.
77
Let c be -1 + 6*(-1)/(-1). Suppose -c*r = -614 - 1426. Suppose r = 4*q - q. Calculate the greatest common divisor of 17 and q.
17
Let x be 24/20*(1 + 4). Suppose -x = y + y. Let f be -4 + 2 + (y - -21). What is the greatest common divisor of f and 160?
16
Let w(y) = y**3 + 2*y**2 + 7*y. Let q be w(-5). Let m = 187 - q. What is the highest common divisor of m and 27?
27
Let x be ((-6)/(-9))/(3/(-9)). Let o be -4 - (-5 + x) - -11. What is the highest common factor of o and 35?
7
Let j be (-168)/(-2)*132/198. What is the highest common divisor of 308 and j?
28
Let w(z) = z**3 + 35*z**2 - 14*z + 23. Let d be w(-35). What is the highest common factor of 27 and d?
27
Let n = 11 - 9. Let s be n - (0 + -29) - 1. Let h be (0 - (11 + 3))*40/(-28). What is the greatest common factor of h and s?
10
Suppose -2*t - 1 = -3*u, -6 - 3 = u - 3*t. Calculate the greatest common divisor of u and 15.
3
Let i = -68 + 84. Calculate the highest common factor of i and 1056.
16
Suppose -15*x = -3*x - 288. Suppose m = x - 15. What is the highest common factor of m and 21?
3
Suppose -t = -2308 + 61. What is the greatest common factor of 21 and t?
21
Suppose -3*n + 1985 = t + 4*t, 4*t - n - 1605 = 0. Calculate the greatest common divisor of 16 and t.
16
Let p(k) = -k. Let a(r) = -3*r + 6. Let h(o) = a(o) - 4*p(o). Suppose 0 = 3*c - c. Let z be h(c). Calculate the highest common factor of 3 and z.
3
Suppose -9*s = -5*s - 124. Let j = s - 25. Let i be j/27*-33*-3. What is the greatest common factor of i and 154?
22
Suppose 86*d = 90*d -